divisor of c and u?
8
Let m(f) = -f**3 + 13*f**2 - 2*f + 28. Let a be m(13). Suppose 4*w + 4*p - 108 = 0, 28 = -5*w + a*p + 128. Calculate the greatest common divisor of w and 110.
22
Let o(m) = 49*m - 160. Let a be o(4). What is the greatest common divisor of a and 132?
12
Suppose -2*r + 2*l = 2, 2*r - 3 = 5*l - 14. Suppose -4*b = -m - 2*m + 9, 6 = 2*m + r*b. What is the highest common factor of 4 and m?
1
Let f be ((-125)/100)/((-1)/124). Calculate the highest common factor of 15 and f.
5
Suppose 60 - 18 = 3*s. Let t = 41 - s. Calculate the highest common factor of 189 and t.
27
Let w(j) = -2*j**2 - 7*j + 15. Let z be w(0). Calculate the highest common factor of 75 and z.
15
Suppose -3*w + 72 = 3*u, -2*w - u + 30 = -5*u. Suppose -23*j + w*j = -12. Calculate the greatest common divisor of 30 and j.
6
Let k be (-63)/(-6)*(-60)/(-45). What is the greatest common factor of k and 13?
1
Let d = 14 - 11. Suppose d*b + 32 - 134 = 0. Let y = 66 - b. What is the highest common divisor of y and 48?
16
Suppose y + 4*y - 875 = 0. Suppose -5*c - 55 = -y. Calculate the greatest common divisor of c and 120.
24
Let d be (-15)/5 + (-3 - -12). Let l(m) = 3 - m + 2 + 3*m**3 + 12*m**3 - 4. Let c be l(1). Calculate the greatest common divisor of d and c.
3
Let g be 235/6 + 1*(-3)/18. Calculate the greatest common factor of g and 117.
39
Let i(u) be the first derivative of 11*u**2/2 - 14*u + 5. Let p be i(3). Calculate the highest common divisor of p and 171.
19
Let b = -236 + 105. Let q = b - -257. Calculate the highest common factor of q and 315.
63
Suppose -186 = -8*n + 390. What is the greatest common factor of n and 6?
6
Let h = -46 + 138. Suppose 0*r = -4*r + h. Calculate the greatest common divisor of r and 69.
23
Let z(s) = -3*s**2 + 86*s - 33. Let b be z(26). What is the highest common divisor of b and 385?
35
Let w(c) be the second derivative of 17*c**5/20 - c**4/6 + c**3/3 - 7*c. Let j be w(1). Calculate the highest common factor of j and 85.
17
Let g(k) = 1. Let a(t) = t**2 + 8*t + 18. Let z(n) = -a(n) + 6*g(n). Let l be z(-3). Calculate the greatest common divisor of 6 and l.
3
Let h(t) = t**3 + 18*t**2 - 19*t + 10. Let v be h(-19). Let g = 24 + -14. What is the highest common factor of g and v?
10
Let s(x) = -2*x + 7. Let d be s(-3). Suppose -d*t + 56 = -5*t. What is the highest common factor of t and 7?
7
Let t be 1246/46 - (-18)/(-207). Calculate the greatest common divisor of t and 27.
27
Let r = -36 + 86. Let p(y) = -y**3 + 11*y**2 - 174*y + 1479. Let x be p(9). What is the greatest common divisor of r and x?
25
Let q(d) = 20*d + 1. Let b be q(1). Let n(s) = -s**3 - 14*s**2 + 14*s - 12. Let i be n(-15). What is the greatest common divisor of b and i?
3
Let n(z) = -3*z. Let w be n(-3). Suppose -m = -3*m + 268. Let r = m - 53. What is the greatest common factor of r and w?
9
Let n be (-2)/((-4)/(-174)*-3). Let p = 12 + -8. Suppose v + n = 2*i + p*v, -5*v = -5*i + 35. Calculate the highest common factor of i and 15.
5
Let k be 12*-1*(-6)/8. Let m = -935 - -980. What is the highest common divisor of m and k?
9
Suppose 0 = 17*n - 3*n - 1680. What is the greatest common factor of n and 264?
24
Let j(o) = o**2 + 9*o + 30. Let z be j(-15). Let k = -48 + z. Calculate the greatest common factor of k and 9.
9
Suppose -d + 1 = -11. Let t(s) = 2*s**2 + 5*s + 6. Let l be t(-5). Suppose 3*x - q + l = 6*x, 5*q - 23 = -4*x. What is the greatest common factor of x and d?
12
Let s(w) be the first derivative of w**2 - 21*w + 53. Let v be s(17). What is the greatest common factor of 208 and v?
13
Let r be -5*3/(-15) + 258. Calculate the highest common divisor of r and 21.
7
Let m be 3/2*(39 - -57). Let v(t) = 12*t. Let a be v(8). Calculate the highest common factor of a and m.
48
Suppose 6*q = 4*q. Let h be 1 - ((-3 - -2) + q). Suppose -l = 2*n - h, n + 27 = 2*l + l. Calculate the greatest common divisor of l and 20.
4
Let g(p) = p + 40. Let w be g(-8). Calculate the highest common factor of w and 48.
16
Let p(s) = -s**3 + 6*s**2 + s - 15. Let r be p(5). Let d(k) = -k**3 + 13*k**2 - 5*k - 9. Let l be d(12). What is the greatest common divisor of l and r?
15
Let s(c) = 4*c - 14 + 7 + 8. Let y be s(3). What is the greatest common divisor of y and 91?
13
Suppose -4*c + 1203 = k, -3*c + 1159 = 2*k + 258. Let o be 1/((-384)/129 + 3). What is the highest common factor of c and o?
43
Let d be ((-196)/(-21))/((-1)/(-6)). Let y be d/24 + 4/6. Suppose 2*k + 21 = 2*o + 305, 138 = k - y*o. Calculate the greatest common divisor of 16 and k.
16
Let w = -43 - -46. Let l(c) = -c**3 + 7*c**2 + 11*c - 9. Let d = 19 + -11. Let q be l(d). Calculate the highest common divisor of q and w.
3
Suppose g - 13 = 4*a, -4*a + 6*a + 4 = 0. Suppose 26 = -g*t + 116. Suppose 40 = 4*u - 4*z, u - 10 = 3*z - 4. What is the highest common factor of t and u?
6
Let g be 3/(-2)*6/(-9). Let w(q) = 11*q**3 + 2*q**2 + 18*q - 20. Let m be w(1). What is the greatest common divisor of m and g?
1
Let d(j) = j**3 + j**2 + 2*j + 114. Let k be d(0). Let i be (-2)/((-24)/(-32)*(-16)/k). What is the greatest common divisor of i and 76?
19
Let n = -24 - -248. Calculate the greatest common divisor of n and 42.
14
Let y be -31 - -43 - 7*1. What is the greatest common divisor of y and 110?
5
Let k = 164 + 76. Calculate the greatest common factor of k and 15.
15
Let m = 83 + -40. Let l = m - 36. Suppose -3*n + 3 + 0 = 0. What is the greatest common divisor of l and n?
1
Let p = -12 - -12. Let m be p/((13 - 1)/(-4)). Suppose m = 3*u - 2*n - 14, -u - n + 4 = -4. Calculate the greatest common divisor of u and 42.
6
Suppose -s - j + 15 = 3*j, 0 = 4*s + j - 30. Suppose 18 = 5*o - s. Suppose 10 + 40 = o*c. Calculate the highest common divisor of c and 5.
5
Suppose -4*j = -0*j - z - 836, -3*j + 5*z = -610. What is the highest common factor of 280 and j?
70
Suppose -31733 = -20*z - 2093. What is the highest common factor of z and 114?
114
Let g be (36/(-15))/((-12)/750). Suppose g = -2*q + 7*q. What is the greatest common factor of 20 and q?
10
Let z(p) = p**3 - 8*p**2 + p + 6. Let r be z(8). Suppose 3*m - 61 = -19. Calculate the highest common divisor of m and r.
14
Let y(t) = 18*t - 19 - 6 + 7*t**2 - 6*t**2. Let h be y(-20). What is the highest common divisor of h and 30?
15
Let m be (-173)/(-5) + 2/5. Suppose -2*j + 2 = 0, -2*j = -3*x - j + m. What is the greatest common factor of 6 and x?
6
Suppose 54 = 2*s + 2*j, -5*j + 23 + 43 = 2*s. Let x = -3 + s. Calculate the greatest common factor of x and 40.
20
Let q be (-3 + 176/24)*753. What is the highest common factor of 13 and q?
13
Let b = 24 + -22. Suppose -x + 0 = -b, -3*i - 4*x = -41. Let o = i + -4. What is the greatest common divisor of 77 and o?
7
Let r = -87 + 93. Calculate the greatest common divisor of 8 and r.
2
Let p = 132 + 108. Calculate the greatest common divisor of p and 15.
15
Let c = -134 - -123. Let a = 27 - c. Let n be 284/3 - (-2)/6. Calculate the greatest common divisor of n and a.
19
Let v = 64 - 61. Suppose -v*o = 2*o, -5*o = 3*z - 3. Calculate the highest common divisor of z and 1.
1
Suppose 0 = 2*k - 4*p - 916, 5*k - k + 3*p = 1854. Calculate the greatest common factor of 14 and k.
14
Suppose 3*f = 2*j + 122, 5*j - j = 4*f - 160. Calculate the highest common divisor of f and 98.
14
Suppose 17*f = 16*f + 6. What is the highest common divisor of f and 111?
3
Suppose -5*d - 16 = -3*j, -4*j + 0*j - d = -6. Suppose -j*y + 133 = 33. What is the greatest common divisor of 20 and y?
10
Let o be 1/(-2)*-1*52. Suppose 3*b - 4 = 2*v + 3*v, -18 = -5*b - 3*v. Suppose h - 52 = -b*h. Calculate the greatest common divisor of o and h.
13
Let s(j) = 4*j + 19. Suppose 6*d + 3 = -21. Let r be s(d). Calculate the greatest common divisor of r and 2.
1
Let b be (-16)/(-12)*(-6)/(-4). Suppose -32 = 7*h - 2*h + 2*q, 0 = -b*h + q - 11. Let t = 16 + h. Calculate the greatest common divisor of t and 20.
10
Suppose 0 = -5*y - 4*v + 96, 3*y + 2*v + 56 = 7*y. Suppose -f - 3*f = -y. Suppose -10 = -x + f. Calculate the greatest common factor of x and 84.
14
Suppose -8*x + y + 13 = -3*x, 9 = 3*x - y. What is the highest common divisor of x and 26?
2
Suppose 4*z + 149 = -3*n + 1528, -1387 = -3*n - 2*z. Calculate the highest common divisor of n and 30.
15
Let n(t) = 4*t + 11 + 0*t**2